8 a multiple of 29?
True
Is 41 a factor of 2279?
False
Does 2 divide 221?
False
Is 3036 a multiple of 33?
True
Is 10324 a multiple of 7?
False
Does 40 divide 55568?
False
Is 15 a multiple of 7?
False
Is 388 a multiple of 4?
True
Is 35 a factor of 210?
True
Is 25 a factor of 2125?
True
Is 494 a multiple of 13?
True
Is 57 a factor of 171?
True
Is 30 a factor of 390?
True
Is 31682 a multiple of 62?
True
Is 4623 a multiple of 90?
False
Does 158 divide 26070?
True
Is 48420 a multiple of 10?
True
Does 91 divide 637?
True
Is 210 a multiple of 30?
True
Does 30 divide 1410?
True
Is 238 a multiple of 14?
True
Is 408 a multiple of 51?
True
Is 1704 a multiple of 24?
True
Is 1063 a multiple of 12?
False
Is 18 a factor of 839?
False
Is 107 a factor of 4280?
True
Is 1231 a multiple of 6?
False
Is 5428 a multiple of 53?
False
Is 2346 a multiple of 17?
True
Does 118 divide 1609?
False
Is 497 a multiple of 71?
True
Does 9 divide 12420?
True
Does 9 divide 36063?
True
Does 15 divide 10275?
True
Does 4 divide 919?
False
Is 19391 a multiple of 122?
False
Is 70 a factor of 6379?
False
Is 15 a factor of 88912?
False
Is 20 a factor of 500?
True
Is 24744 a multiple of 8?
True
Does 27 divide 19087?
False
Is 8 a factor of 12232?
True
Is 42440 a multiple of 10?
True
Is 5 a factor of 10279?
False
Does 2 divide 1090?
True
Is 25 a factor of 2538?
False
Is 17017 a multiple of 11?
True
Is 15 a factor of 120?
True
Is 449 a multiple of 32?
False
Is 9 a factor of 127?
False
Does 7 divide 1130?
False
Is 10758 a multiple of 22?
True
Does 5 divide 3830?
True
Is 51 a factor of 1275?
True
Is 15 a factor of 1710?
True
Does 3 divide 1284?
True
Is 513 a multiple of 55?
False
Is 3782 a multiple of 136?
False
Is 9 a factor of 14076?
True
Is 215 a factor of 92665?
True
Does 25 divide 36339?
False
Is 4830 a multiple of 10?
True
Is 290 a multiple of 29?
True
Does 9 divide 54?
True
Does 3 divide 132?
True
Is 669 a multiple of 3?
True
Is 3 a factor of 1015?
False
Does 7 divide 175?
True
Does 2 divide 4243?
False
Does 95 divide 1805?
True
Does 6 divide 16226?
False
Does 305 divide 34233?
False
Does 40 divide 615?
False
Is 52 a multiple of 26?
True
Is 2236 a multiple of 13?
True
Is 96 a factor of 16593?
False
Is 547 a multiple of 7?
False
Is 11 a factor of 756?
False
Is 8 a factor of 1982?
False
Is 320 a multiple of 20?
True
Is 1003 a multiple of 59?
True
Is 19618 a multiple of 13?
False
Does 161 divide 8855?
True
Is 245 a multiple of 49?
True
Is 7 a factor of 192?
False
Is 30412 a multiple of 138?
False
Is 21 a factor of 5082?
True
Is 1350 a multiple of 9?
True
Is 24331 a multiple of 4?
False
Does 7 divide 558?
False
Is 58668 a multiple of 12?
True
Is 36 a factor of 1836?
True
Does 4 divide 589?
False
Does 3 divide 978?
True
Is 85 a factor of 6800?
True
Is 96 a factor of 1248?
True
Is 450 a multiple of 10?
True
Does 87 divide 8779?
False
Is 281 a factor of 65062?
False
Does 14 divide 496?
False
Is 14 a factor of 1120?
True
Is 310 a factor of 96565?
False
Is 12 a factor of 22793?
False
Is 51 a factor of 1989?
True
Is 3877 a multiple of 7?
False
Is 6 a factor of 2100?
True
Is 32 a factor of 1536?
True
Is 9 a factor of 2016?
True
Is 953 a multiple of 17?
False
Is 2141 a multiple of 7?
False
Is 26 a factor of 1456?
True
Is 19159 a multiple of 49?
True
Does 21 divide 4842?
False
Is 3708 a multiple of 12?
True
Does 8 divide 7746?
False
Does 10 divide 15825?
False
Does 44 divide 719?
False
Is 53 a multiple of 2?
False
Does 46 divide 1361?
False
Does 27 divide 15605?
False
Is 31975 a multiple of 11?
False
Is 35684 a multiple of 11?
True
Is 5022 a multiple of 31?
True
Is 268 a multiple of 20?
False
Does 29 divide 46835?
True
Does 10 divide 440?
True
Does 10 divide 755?
False
Is 270 a factor of 29160?
True
Is 95 even?
False
Does 207 divide 65681?
False
Is 12 a factor of 29153?
False
Does 86 divide 2752?
True
Is 62 a multiple of 31?
True
Is 11 a factor of 13926?
True
Is 13 a factor of 23703?
False
Is 17 a factor of 1326?
True
Does 188 divide 48128?
True
Does 15 divide 39375?
True
Is 1810 a multiple of 10?
True
Is 42254 a multiple of 84?
False
Is 11466 a multiple of 21?
True
Does 4 divide 200?
True
Is 10880 a multiple of 32?
True
Is 2027 a multiple of 22?
False
Is 9840 a multiple of 60?
True
Is 24 a factor of 1030?
False
Is 46814 a multiple of 89?
True
Is 7854 a multiple of 33?
True
Is 184 a multiple of 8?
True
Is 4 a factor of 20?
True
Is 56 a factor of 4432?
False
Does 21 divide 1255?
False
Is 1825 a multiple of 25?
True
Is 17366 a multiple of 38?
True
Does 62 divide 1957?
False
Is 35400 a multiple of 221?
False
Is 7968 a multiple of 8?
True
Is 528 a multiple of 12?
True
Is 6752 a multiple of 30?
False
Is 17 a factor of 187?
True
Is 1143 a multiple of 9?
True
Is 4 a factor of 2484?
True
Is 8 a factor of 925?
False
Is 6 a factor of 169?
False
Is 848 a multiple of 8?
True
Is 16 a factor of 3104?
True
Is 29891 a multiple of 5?
False
Is 91 a factor of 3549?
True
Is 7 a factor of 7604?
False
Is 24 a factor of 10800?
True
Is 59 even?
False
Does 84 divide 7406?
False
Is 132 a factor of 3085?
False
Is 7 a factor of 11228?
True
Is 35 a factor of 358?
False
Does 6 divide 284?
False
Is 3621 a multiple of 27?
False
Does 17 divide 69?
False
Is 411 a multiple of 18?
False
Does 172 divide 11696?
True
Is 22 a factor of 9570?
True
Does 119 divide 1666?
True
Is 94 a multiple of 2?
True
Is 184326 a multiple of 13?
False
Does 12 divide 576?
True
Does 112 divide 5712?
True
Is 45 a multiple of 5?
True
Is 2745 a multiple of 31?
False
Is 1020 a multiple of 60?
True
Does 3 divide 8221?
False
Does 240 divide 5760?
True
Is 97378 a multiple of 34?
False
Does 9 divide 9009?
True
Is 10 a factor of 809?
False
Does 17 divide 211?
False
Does 3 divide 9?
True
Is 258 a factor of 57323?
False
Does 11 divide 1397?
True
Is 111 a multiple of 10?
False
Does 7 divide 759?
False
Does 107 divide 48364?
True
Is 672 a multiple of 16?
True
Is 725 a multiple of 36?
False
Does 36 divide 18583?
False
Is 6818 a multiple of 2?
True
Is 4292 a multiple of 74?
True
Is 3 a factor of 1141?
False
Is 278 a multiple of 21?
False
Does 113 divide 41572?
False
Is 172 a factor of 57104?
True
Is 25 a factor of 300?
True
Is 1666 a multiple of 17?
True
Does 6 divide 582?
True
Is 11 a factor of 13816?
True
Is 8 a factor of 1328?
True
Is 8 a factor of 1613?
False
Is 20 a factor of 820?
True
Does 15 divide 253?
False
Is 2499 a multiple of 17?
True
Is 11034 a multiple of 37?
False
Is 2280 a multiple of 60?
True
Is 28 a factor of 633?
False
Is 110 a multiple of 10?
True
Is 1074 a multiple of 14?
False
Is 155 a factor of 9045?
False
Does 9 divide 171?
True
Is 84 a factor of 504?
True
Is 180 a factor of 11831?
False
Is 16840 a multiple of 59?
False
Is 17527 a multiple of 17?
True
Is 40 a multiple of 10?
True
Is 8 a factor of 1392?
True
Does 16 divide 1032?
False
Does 20 divide 19460?
True
Does 74 divide 1776?
True
Is 61 a factor of 5307?
True
Does 15 divide 495?
True
Is 513 a multiple of 3?
True
Does 2 divide 1406?
True
Is 34 a multiple of 14?
False
Does 33 divide 2714?
False
Is 3851 a multiple of 10?
False
Is 420 a multiple of 4?
True
Does 28 divide 756?
True
Is 15 a factor of 240?
True
Does 31 divide 2263?
True
Is 11 a factor of 9229?
True
Is 640 a multiple of 20?
True
Is 18 a factor of 1479?
False
Is 24407 a multiple of 36?
False
Does 17 divide 725?
False
Is 278 a multiple of 14?
False
Is 3199 a multiple of 2?
False
Is 3045 a multiple of 21?
True
Is 9 a multiple of 4?
False
Is 1452 a multiple of 12?
True
Does 37 divide 929?
False
Does 4 divide 6594?
False
Is 6 a factor of 29535?
False
Is 6 a factor of 6783?
False
Is 9677 a multiple of 8?
False
Is 1440 a multiple of 32?
True
Does 3 divide 12?
True
Is 205 a multiple of 41?
True
Is 1148 a multiple of 7?
True
Does 7 divide 2680?
False
Is 79100 a multiple of 20?
True
Is 25 a factor of 822?
False
Is 816 a multiple of 8?
True
Does 18 divide 3834?
True
Does 3 divide 9541?
False
Does 39 divide 36504?
True
Is 3111 a multiple of 17?
True
Is 27 a factor of 15823?
False
Is 190 a factor of 43333?
False
Does 24 divide 3816?
True
Does 54 divide 270?
True
Is 184 a factor of 63480?
True
Does 55 divide 753?
False
Is 69 a factor of 28221?
True
Is 29226 a multiple of 15?
False
Is 2002 a multiple of 11?
True
Is 134 a factor of 5360?
True
Is